-12
In base 5, what is 2310444 + -4?
2310440
In base 15, what is -2 - -6b0?
6ad
In base 14, what is b - -5?
12
In base 13, what is 5b7 - 2?
5b5
In base 13, what is -445 - 1b?
-463
In base 14, what is -2 - -67?
65
In base 8, what is -3 + 102?
77
In base 7, what is -2266 - -3?
-2263
In base 5, what is -3 - -1210?
1202
In base 13, what is 4 + -7a5?
-7a1
In base 7, what is -4 - -10?
3
In base 10, what is 4 - 3834?
-3830
In base 13, what is 4 - 3c?
-38
In base 13, what is 2c - -2?
31
In base 6, what is -44 + 13?
-31
In base 3, what is -10020 + 1122?
-1121
In base 12, what is 89a - 4?
896
In base 13, what is 345 + 4?
349
In base 16, what is 77c5 + -3?
77c2
In base 5, what is -2 - -2?
0
In base 2, what is 101001 - 1?
101000
In base 4, what is -1120 + -2022?
-3202
In base 5, what is -111110 - -10?
-111100
In base 11, what is -2 - -199?
197
In base 16, what is -2 - -a3b?
a39
In base 16, what is 23 + -1?
22
In base 3, what is -101 - -1222002?
1221201
In base 14, what is -c + -32b?
-339
In base 11, what is -125 - 3?
-128
In base 13, what is -4 - -18?
14
In base 11, what is -1 + -46?
-47
In base 4, what is 20 - -102?
122
In base 3, what is 110 + 12?
122
In base 2, what is -100 + -10110?
-11010
In base 9, what is 2 + -41?
-38
In base 10, what is 17163 + 1?
17164
In base 4, what is 2 - -223320?
223322
In base 15, what is 230 + 0?
230
In base 14, what is 3 + -84?
-81
In base 5, what is 2 - 311?
-304
In base 7, what is -1546 - 0?
-1546
In base 11, what is 7 + -87?
-80
In base 16, what is -d + 1e?
11
In base 9, what is 344 - -3?
347
In base 10, what is 1 - 1399?
-1398
In base 2, what is 0 - -111101?
111101
In base 9, what is -1 + 88?
87
In base 15, what is -9b - 9?
-a5
In base 8, what is -10662 + -5?
-10667
In base 16, what is 3 - -163?
166
In base 6, what is -2 - -301?
255
In base 14, what is 2 + -45?
-43
In base 8, what is -3 + 1074?
1071
In base 7, what is -422 - -26?
-363
In base 15, what is -2e4 - -d?
-2d6
In base 4, what is -1113312 + -11?
-1113323
In base 5, what is 44201 - -10?
44211
In base 4, what is 3 + -3320?
-3311
In base 10, what is -9 + -44?
-53
In base 5, what is 201 - 202?
-1
In base 9, what is -2 - -626?
624
In base 14, what is -2 + 48?
46
In base 2, what is -1000 - -1010100?
1001100
In base 11, what is 3 + -5?
-2
In base 9, what is -1311 + 3?
-1307
In base 3, what is 2022 + 102?
2201
In base 10, what is -406 - -8?
-398
In base 5, what is -44 + -431?
-1030
In base 3, what is 10001101 - 122?
10000202
In base 10, what is -4 + 884?
880
In base 13, what is -c + 1b?
c
In base 16, what is -3 - -8f?
8c
In base 13, what is -2 + 814?
812
In base 16, what is -4 - -b4?
b0
In base 11, what is -5 + -112?
-117
In base 4, what is -10231 + 110?
-10121
In base 8, what is 12032 + 4?
12036
In base 14, what is 238 - 2?
236
In base 8, what is 16 + 24?
42
In base 8, what is 5 - 13?
-6
In base 9, what is 5 + -7707?
-7702
In base 13, what is 4 + 1ac?
1b3
In base 6, what is 52 + -43?
5
In base 7, what is 0 - -2?
2
In base 16, what is 1 - f?
-e
In base 6, what is -4 + -1321?
-1325
In base 13, what is -b18 + -3?
-b1b
In base 5, what is -2200233 - 10?
-2200243
In base 8, what is -3627 + 7?
-3620
In base 13, what is -5 + 23?
1b
In base 5, what is 1 - -104040?
104041
In base 10, what is 10 + -4?
6
In base 5, what is 33 - -310?
343
In base 13, what is -16 - -2?
-14
In base 2, what is -1110 - 1011001?
-1100111
In base 13, what is 3 - -225?
228
In base 3, what is -11 - -102121?
102110
In base 12, what is -2 - -100?
ba
In base 2, what is 10 - 10000101110?
-10000101100
In base 8, what is -4436 - 3?
-4441
In base 2, what is 10 - -100100111?
100101001
In base 2, what is 1 - -11001001?
11001010
In base 7, what is 4320 - 0?
4320
In base 5, what is 12 + 1232?
1244
In base 9, what is -1053 + -4?
-1057
In base 15, what is -1c52 - 3?
-1c55
In base 4, what is 2 + -1021?
-1013
In base 5, what is 42 - 4?
33
In base 16, what is 1f + 2?
21
In base 3, what is 1 + -1020?
-1012
In base 2, what is -1 - 10000000000?
-10000000001
In base 7, what is -5 - -2335?
2330
In base 10, what is -14 - 34?
-48
In base 3, what is 20002 + 10?
20012
In base 16, what is c - -4?
10
In base 7, what is 5 + -1564?
-1556
In base 14, what is -5 + -443?
-448
In base 14, what is 14 + 10?
24
In base 13, what is -b3 + -1?
-b4
In base 2, what is 0 - -101011000?
101011000
In base 8, what is 33 - -26?
61
In base 13, what is -5 - 3b8?
-3c0
In base 7, what is -424 - -5?
-416
In base 9, what is -4 - 5785?
-5800
In base 12, what is -37 + 50?
15
In base 6, what is -1124 + 2?
-1122
In base 3, what is -120 - -1?
-112
In base 5, what is 1 - 212?
-211
In base 13, what is -24 - 23?
-47
In base 15, what is -7 + -8?
-10
In base 10, what is -13 - -1?
-12
In base 10, what is 14 + 68?
82
In base 3, what is -12110 + -12120?
-102000
In base 12, what is 811 + 0?
811
In base 5, what is 32 - -23?
110
In base 6, what is -4335 + -2?
-4341
In base 3, what is 11100 - -2201?
21001
In base 9, what is -4 + 316?
312
In base 10, what is 322 - -35?
357
In base 2, what is 10 + 1111000?
1111010
In base 10, what is -2 + -277?
-279
In base 7, what is 1 - 2450?
-2446
In base 15, what is 2 + -13?
-11
In base 13, what is -641 - -1a?
-624
In base 7, what is -1 + 202?
201
In base 13, what is -7171 + -2?
-7173
In base 14, what is 5 - -38?
3d
In base 7, what is 11623 - -4?
11630
In base 3, what is 1012202 - 11?
1012121
In base 10, what is 7 + -84?
-77
In base 4, what is 11 - -110010?
110021
In base 6, what is -1115 + 31?
-1044
In base 8, what is -11315 - 5?
-11322
In base 14, what is 818 - -1?
819
In base 9, what is 3 - 8205?
-8202
In base 10, what is 9 + -11?
-2
In base 13, what is 2b50 + 5?
2b55
In base 8, what is 22357 + 0?
22357
In base 4, what is 11 - -1121?
1132
In base 7, what is -33 + -54?
-120
In base 14, what is 1b + 1d?
3a
In base 14, what is b9d + -2?
b9b
In base 5, what is 11 + 22?
33
In base 16, what is f + 18?
27
In base 5, what is 1222 + -1234?
-12
In base 13, what is 592a - -2?
592c
In base 7, what is -153 + -14?
-200
In base 5, what is -3 - -4341?
4333
In base 15, what is 1 + -dd?
-dc
In base 3, what is -1020 + 11?
-1002
In base 2, what is -101 + -1111001?
-1111110
In base 9, what is 10 + 110?
120
In base 16, what is 5 + -7d5?
-7d0
In base 4, what is 20 - -303?
323
In base 6, what is -12 - -255?
243
In base 10, what is 1949 - -2?
1951
In base 10, what is 23 + 5?
28
In base 12, what is 29b + -4?
297
In base 6, what is 15 + 401?
420
In base 6, what is -153 - 4?
-201
In base 9, what is 0 + 32?
32
In base 7, what is -302 + 4?
-265
In base 7, what is -46560 + 2?
-46555
In base 14, what is -60 - -55?
-9
In base 8, what is 1 + -3?
-2
In base 10, what is 37 + 6?
43
In base 14, what is -588 - -5?
-583
In base 12, what is 693 + 0?
693
In base 9, what is -21051 - -2?
-21048
In base 4, what is -33211 - 33?
-33310
In base 14, what is 10c7 - 4?
10c3
In base 12, what is -3137 + 3?
-3134
In base 3, what is 1 - -1101?
1102
In base 10, what is -14213 - 3?
-14216
In base 9, what is -1225 - -3?
-1222
In base 10, what is 853 - -5?
858
In base 13, what is 3a - a?
30
In base 11, what is 23 + 2?
25
In base 11, what is 0 + 24?
24
In base 14, what is 0 - 43?
-43
In base 7, what is 0 - -44?
44
In base 13, what is -9 - 3?
-c
In base 6, what is -2 + -1324?
-1330
In base 3, what is 1 - -210?
211
In base 8, what is 673 - 5?
666
In base 4, what is 2 + 210133?
210201
In base 14, what is 6d - 55?
18
In base 15, what is -4 - 4?
-8
In base 10, what is -5 + -211?
-216
In base 15, what is -80 + 1?
-7e
In base 10, what is 46 - -9?
55
In base 3, what is 0 - -1220?
1220
In base 12, what is 1 - -26?
27
In base 15, what is 1 + -55?
-54
In base 16, what is -1b - -9?
-12
In base 3, what is 0 + -10000?
-10000
In base 11, what is -23 - -18?
-6
In base 7, what is -4 - -555?
551
In base 16, what is -3 + 3c?
39
In base 10, what is -2779 + 2?
-2777
In base 5, what is 314203 + -1?
314202
In base 11, what is 38 + 42?
7a
In base 15, what is ea - e?
db
In base 3, what is 12 - -111222?
112011
In base 14, what is -11b0 - 4?
-11b4
In base 9, what is 23 - 156?
-133
In base 7, what is 5222 - 1?
5221
In base 11, what is -8 - 10?
-18
In base 4, what is -12 + 23001?
22323
In base 5, what is 1 - 2110?
-2104
In base 11, what is 2 - 25?
-23
In base 16, what is 0 - 232?
-232
In base 12, what is -129 + 70?
-